?
0
What is the hundreds digit of 238487?
4
What is the ten thousands digit of 369422?
6
What is the thousands digit of 698261?
8
What is the ten thousands digit of 956017?
5
What is the tens digit of 218851?
5
What is the thousands digit of 4137?
4
What is the thousands digit of 8517611?
7
What is the millions digit of 1016151?
1
What is the ten thousands digit of 1200900?
0
What is the hundred thousands digit of 102359?
1
What is the hundred thousands digit of 10372074?
3
What is the tens digit of 10387195?
9
What is the ten thousands digit of 660279?
6
What is the millions digit of 1403750?
1
What is the hundreds digit of 684244?
2
What is the tens digit of 433220?
2
What is the hundreds digit of 61331?
3
What is the hundreds digit of 53141?
1
What is the hundreds digit of 3730175?
1
What is the ten thousands digit of 6171502?
7
What is the units digit of 965404?
4
What is the hundred thousands digit of 281029?
2
What is the ten thousands digit of 718028?
1
What is the hundreds digit of 544650?
6
What is the hundred thousands digit of 114383?
1
What is the ten thousands digit of 530627?
3
What is the thousands digit of 373688?
3
What is the ten thousands digit of 18679?
1
What is the hundreds digit of 668322?
3
What is the hundreds digit of 3922908?
9
What is the hundreds digit of 76526?
5
What is the ten thousands digit of 95795?
9
What is the thousands digit of 4306168?
6
What is the units digit of 1712323?
3
What is the hundreds digit of 365605?
6
What is the tens digit of 3588542?
4
What is the hundred thousands digit of 4391271?
3
What is the units digit of 9220964?
4
What is the tens digit of 2083111?
1
What is the tens digit of 121364?
6
What is the hundreds digit of 7195860?
8
What is the thousands digit of 5220086?
0
What is the millions digit of 1946698?
1
What is the hundreds digit of 4320761?
7
What is the ten thousands digit of 334461?
3
What is the hundreds digit of 7218812?
8
What is the ten millions digit of 31952178?
3
What is the thousands digit of 1682935?
2
What is the hundreds digit of 22073175?
1
What is the hundred thousands digit of 1375999?
3
What is the hundred thousands digit of 4619195?
6
What is the millions digit of 14562679?
4
What is the millions digit of 1159005?
1
What is the hundreds digit of 26587?
5
What is the hundred thousands digit of 1259377?
2
What is the hundred thousands digit of 2983260?
9
What is the hundreds digit of 35723?
7
What is the hundreds digit of 913842?
8
What is the thousands digit of 18797?
8
What is the units digit of 10444000?
0
What is the thousands digit of 430914?
0
What is the hundred thousands digit of 6798128?
7
What is the hundreds digit of 158537?
5
What is the units digit of 4804316?
6
What is the millions digit of 7125576?
7
What is the hundreds digit of 234353?
3
What is the ten thousands digit of 5099590?
9
What is the tens digit of 21158794?
9
What is the hundred thousands digit of 18353596?
3
What is the ten thousands digit of 592717?
9
What is the thousands digit of 7146691?
6
What is the hundreds digit of 26030454?
4
What is the hundreds digit of 9303585?
5
What is the units digit of 9616669?
9
What is the ten millions digit of 11922689?
1
What is the ten thousands digit of 113201?
1
What is the hundred thousands digit of 867598?
8
What is the thousands digit of 132472?
2
What is the hundred thousands digit of 526485?
5
What is the ten thousands digit of 49873?
4
What is the ten thousands digit of 6491661?
9
What is the hundreds digit of 7092133?
1
What is the thousands digit of 472991?
2
What is the tens digit of 16257960?
6
What is the hundreds digit of 3248690?
6
What is the ten thousands digit of 113551?
1
What is the thousands digit of 85530?
5
What is the ten thousands digit of 132669?
3
What is the hundred thousands digit of 13404497?
4
What is the thousands digit of 13439?
3
What is the units digit of 164203?
3
What is the ten thousands digit of 12389367?
8
What is the units digit of 26180428?
8
What is the thousands digit of 742800?
2
What is the tens digit of 720734?
3
What is the ten thousands digit of 2190242?
9
What is the hundred thousands digit of 1556884?
5
What is the hundred thousands digit of 5248514?
2
What is the tens digit of 5370712?
1
What is the tens digit of 824707?
0
What is the ten thousands digit of 3686296?
8
What is the tens digit of 3263395?
9
What is the tens digit of 157553?
5
What is the hundreds digit of 2755?
7
What is the ten millions digit of 29610470?
2
What is the units digit of 3121912?
2
What is the units digit of 350392?
2
What is the tens digit of 3216772?
7
What is the units digit of 1863742?
2
What is the ten thousands digit of 334658?
3
What is the thousands digit of 4751229?
1
What is the hundred thousands digit of 128293?
1
What is the tens digit of 30642223?
2
What is the hundreds digit of 620267?
2
What is the millions digit of 8549949?
8
What is the hundreds digit of 740521?
5
What is the hundred thousands digit of 130037?
1
What is the hundreds digit of 7781610?
6
What is the tens digit of 13938774?
7
What is the ten millions digit of 10398391?
1
What is the hundreds digit of 7326253?
2
What is the hundreds digit of 698582?
5
What is the hundreds digit of 465223?
2
What is the units digit of 1169812?
2
What is the tens digit of 1014190?
9
What is the hundreds digit of 6364555?
5
What is the thousands digit of 4098804?
8
What is the units digit of 873018?
8
What is the thousands digit of 2021322?
1
What is the hundred thousands digit of 4918540?
9
What is the millions digit of 1799169?
1
What is the ten thousands digit of 237309?
3
What is the hundred thousands digit of 5148697?
1
What is the hundred thousands digit of 953927?
9
What is the thousands digit of 2513?
2
What is the tens digit of 68504?
0
What is the ten thousands digit of 552709?
5
What is the hundreds digit of 317474?
4
What is the hundreds digit of 5391887?
8
What is the units digit of 8035715?
5
What is the ten thousands digit of 200644?
0
What is the tens digit of 1456231?
3
What is the ten thousands digit of 2437805?
3
What is the millions digit of 7819574?
7
What is the units digit of 2179103?
3
What is the units digit of 969460?
0
What is the tens digit of 757596?
9
What is the hundreds digit of 156187?
1
What is the millions digit of 1340922?
1
What is the millions digit of 3093150?
3
What is the units digit of 8554680?
0
What is the millions digit of 3814244?
3
What is the units digit of 27995016?
6
What is the ten thousands digit of 778916?
7
What is the millions digit of 7288625?
7
What is the tens digit of 96904?
0
What is the thousands digit of 4696758?
6
What is the hundred thousands digit of 1599864?
5
What is the thousands digit of 1400468?
0
What is the units digit of 50012?
2
What is the ten thousands digit of 9914985?
1
What is the units digit of 33401119?
9
What is the tens digit of 987113?
1
What is the hundreds digit of 383420?
4
What is the units digit of 2602780?
0
What is the hundreds digit of 28724040?
0
What is the ten millions digit of 10797151?
1
What is the hundred thousands digit of 542010?
5
What is the ten thousands digit of 373670?
7
What is the ten thousands digit of 1461742?
6
What is the hundred thousands digit of 375844?
3
What is the hundreds digit of 958992?
9
What is the tens digit of 1191622?
2
What is the hundreds digit of 64280?
2
What is the hundreds digit of 1276950?
9
What is the units digit of 218436?
6
What is the units digit of 558414?
4
What is the hundreds digit of 1485209?
2
What is the hundred thousands digit of 22716077?
7
What is the hundreds digit of 11800722?
7
What is the ten thousands digit of 40398747?
9
What is the units digit of 1054558?
8
What is the hundred thousands digit of 5384998?
3
What is the tens digit of 4011048?
4
What is the thousands digit of 7286196?
6
What is the units digit of 427797?
7
What is the hundred thousands digit of 5411798?
4
What is the hundreds digit of 236292?
2
What is the ten thousands digit of 661009?
6
What is the tens digit of 1789251?
5
What is the ten thousands digit of 8867160?
6
What is the thousands digit of 420544?
0
What is the units digit of 17171000?
0
What is the ten thousands digit of 130159?
3
What is the tens digit of 124038?
3
What is 